git of 168554?
1
What is the hundred thousands digit of 2320577?
3
What is the thousands digit of 74218?
4
What is the thousands digit of 10568568?
8
What is the units digit of 855390?
0
What is the hundred thousands digit of 13309926?
3
What is the thousands digit of 226859?
6
What is the thousands digit of 4820552?
0
What is the millions digit of 1658878?
1
What is the tens digit of 89017?
1
What is the tens digit of 9212587?
8
What is the tens digit of 6535733?
3
What is the tens digit of 1072545?
4
What is the hundred thousands digit of 467633?
4
What is the thousands digit of 8982063?
2
What is the hundred thousands digit of 9622471?
6
What is the thousands digit of 178066?
8
What is the ten thousands digit of 591188?
9
What is the hundred thousands digit of 651682?
6
What is the thousands digit of 5426971?
6
What is the units digit of 271822?
2
What is the ten thousands digit of 72039?
7
What is the tens digit of 20426428?
2
What is the thousands digit of 4268204?
8
What is the ten thousands digit of 1692621?
9
What is the ten thousands digit of 200636?
0
What is the units digit of 118298?
8
What is the hundred thousands digit of 16286875?
2
What is the hundred thousands digit of 1172673?
1
What is the units digit of 13697301?
1
What is the units digit of 332746?
6
What is the ten thousands digit of 334960?
3
What is the tens digit of 325275?
7
What is the hundreds digit of 2843326?
3
What is the units digit of 159740?
0
What is the thousands digit of 219733?
9
What is the hundred thousands digit of 14064914?
0
What is the hundreds digit of 520035?
0
What is the tens digit of 1217977?
7
What is the millions digit of 1508816?
1
What is the hundred thousands digit of 36182990?
1
What is the tens digit of 466933?
3
What is the units digit of 790956?
6
What is the tens digit of 1062164?
6
What is the tens digit of 9010381?
8
What is the hundreds digit of 1107183?
1
What is the millions digit of 22297802?
2
What is the ten thousands digit of 81156?
8
What is the thousands digit of 5860531?
0
What is the tens digit of 5458823?
2
What is the hundreds digit of 2368431?
4
What is the ten thousands digit of 68089?
6
What is the hundred thousands digit of 710245?
7
What is the units digit of 8339640?
0
What is the hundreds digit of 206113?
1
What is the ten thousands digit of 4108707?
0
What is the ten thousands digit of 92472?
9
What is the thousands digit of 5211040?
1
What is the tens digit of 46386?
8
What is the units digit of 43549?
9
What is the hundreds digit of 500176?
1
What is the thousands digit of 903367?
3
What is the tens digit of 12508281?
8
What is the millions digit of 1688526?
1
What is the tens digit of 345500?
0
What is the hundreds digit of 16641107?
1
What is the millions digit of 12273982?
2
What is the thousands digit of 68460?
8
What is the tens digit of 75965?
6
What is the hundreds digit of 2303033?
0
What is the ten thousands digit of 255637?
5
What is the units digit of 61285?
5
What is the tens digit of 5040731?
3
What is the hundreds digit of 4977963?
9
What is the thousands digit of 133923?
3
What is the units digit of 6455056?
6
What is the thousands digit of 7025458?
5
What is the millions digit of 3486915?
3
What is the hundred thousands digit of 11582438?
5
What is the ten thousands digit of 7483233?
8
What is the hundred thousands digit of 354663?
3
What is the millions digit of 10736291?
0
What is the hundreds digit of 687141?
1
What is the hundreds digit of 217706?
7
What is the hundreds digit of 2945108?
1
What is the ten thousands digit of 204763?
0
What is the tens digit of 117903?
0
What is the hundreds digit of 4558541?
5
What is the units digit of 6489016?
6
What is the tens digit of 164143?
4
What is the units digit of 209157?
7
What is the hundred thousands digit of 1096179?
0
What is the hundred thousands digit of 621165?
6
What is the ten thousands digit of 606309?
0
What is the hundreds digit of 255091?
0
What is the units digit of 1668586?
6
What is the ten thousands digit of 454734?
5
What is the tens digit of 81152?
5
What is the tens digit of 63432?
3
What is the tens digit of 787520?
2
What is the units digit of 138522?
2
What is the thousands digit of 11136848?
6
What is the ten thousands digit of 5603028?
0
What is the hundreds digit of 107319?
3
What is the tens digit of 6677067?
6
What is the units digit of 339688?
8
What is the hundreds digit of 20055990?
9
What is the ten thousands digit of 12069525?
6
What is the tens digit of 310480?
8
What is the tens digit of 3364397?
9
What is the thousands digit of 702230?
2
What is the units digit of 84059?
9
What is the ten millions digit of 37087388?
3
What is the tens digit of 314896?
9
What is the hundreds digit of 5537622?
6
What is the thousands digit of 433138?
3
What is the hundred thousands digit of 1095537?
0
What is the units digit of 230497?
7
What is the millions digit of 31978011?
1
What is the units digit of 5275975?
5
What is the thousands digit of 300212?
0
What is the millions digit of 4889452?
4
What is the hundreds digit of 798042?
0
What is the thousands digit of 30097514?
7
What is the tens digit of 18367?
6
What is the hundreds digit of 482913?
9
What is the millions digit of 14023474?
4
What is the ten thousands digit of 1442226?
4
What is the ten thousands digit of 21031796?
3
What is the thousands digit of 947657?
7
What is the millions digit of 3520612?
3
What is the thousands digit of 534659?
4
What is the millions digit of 19276108?
9
What is the units digit of 10315897?
7
What is the hundreds digit of 15500331?
3
What is the ten thousands digit of 33370303?
7
What is the hundred thousands digit of 1711656?
7
What is the thousands digit of 251466?
1
What is the hundreds digit of 514581?
5
What is the units digit of 4254452?
2
What is the hundred thousands digit of 11947920?
9
What is the ten thousands digit of 184055?
8
What is the units digit of 495036?
6
What is the hundred thousands digit of 264302?
2
What is the thousands digit of 13224?
3
What is the units digit of 99737?
7
What is the tens digit of 25172296?
9
What is the millions digit of 2877027?
2
What is the hundreds digit of 1092521?
5
What is the thousands digit of 1766496?
6
What is the tens digit of 91635?
3
What is the hundreds digit of 19431591?
5
What is the thousands digit of 99412?
9
What is the millions digit of 19336757?
9
What is the hundreds digit of 2283473?
4
What is the millions digit of 19603313?
9
What is the ten thousands digit of 327213?
2
What is the ten thousands digit of 1014490?
1
What is the units digit of 19411435?
5
What is the hundreds digit of 19508547?
5
What is the tens digit of 964681?
8
What is the hundreds digit of 475465?
4
What is the thousands digit of 8454?
8
What is the tens digit of 9762994?
9
What is the thousands digit of 655037?
5
What is the thousands digit of 651262?
1
What is the thousands digit of 174706?
4
What is the hundred thousands digit of 360351?
3
What is the ten thousands digit of 318260?
1
What is the thousands digit of 1858?
1
What is the units digit of 778237?
7
What is the millions digit of 8533978?
8
What is the thousands digit of 523515?
3
What is the thousands digit of 838379?
8
What is the hundred thousands digit of 203885?
2
What is the thousands digit of 1797773?
7
What is the thousands digit of 38512420?
2
What is the millions digit of 1255756?
1
What is the hundred thousands digit of 879265?
8
What is the tens digit of 1157172?
7
What is the units digit of 2854623?
3
What is the tens digit of 1114284?
8
What is the hundred thousands digit of 347731?
3
What is the hundred thousands digit of 721208?
7
What is the hundred thousands digit of 1440370?
4
What is the hundreds digit of 218546?
5
What is the thousands digit of 11273?
1
What is the units digit of 20569140?
0
What is the ten thousands digit of 177189?
7
What is the millions digit of 3138187?
3
What is the hundred thousands digit of 156187?
1
What is the hundred thousands digit of 195174?
1
What is the hundred thousands digit of 4091869?
0
What is the thousands digit of 9254129?
4
What is the thousands digit of 533394?
3
What is the hundred thousands digit of 16716798?
7
What is the hundreds digit of 1291445?
4
What is the ten thous